 -f**3 - 26*f**2 - 162*f + 4. Give h(-6).
256
Let x(o) = o**3 - 15*o**2 - 13*o + 201. Give x(15).
6
Let o(t) = 2*t**2 - 135*t - 187. Calculate o(69).
20
Let i(r) = -115*r - 29314. Give i(-255).
11
Let g(h) = -210*h**2 - 1267*h - 8. Give g(-6).
34
Let v(i) = -364*i - 1043. What is v(-3)?
49
Let p(u) = 363*u + 3004. Give p(-8).
100
Let b(r) = -82*r + 898. Calculate b(11).
-4
Let v(z) = z**3 - 39*z**2 + 197*z + 2. What is v(33)?
-31
Let v(p) = 8*p - 18. Determine v(0).
-18
Let z(b) = -16*b**3 + 5*b**2 - 2*b + 1. What is z(1)?
-12
Let d(c) = -171*c**3 + 9*c + 9. Give d(-1).
171
Let d(u) = 5*u**2 - 22*u - 560. Calculate d(13).
-1
Let x(r) = 8*r**2 + 92*r - 18. Give x(-11).
-62
Let m(l) = l**2 + 20*l + 123. Calculate m(-27).
312
Let o(r) = 2*r**2 - 190*r + 3721. What is o(28)?
-31
Let z(a) = -a**2 + 8*a + 1. What is z(1)?
8
Let y(j) = j**2 + 15*j - 11. What is y(0)?
-11
Let w(g) = -10*g - 392. Give w(-41).
18
Let i(p) = 153*p - 887. Determine i(6).
31
Let u(v) = -v**2 + 14*v - 87. Give u(17).
-138
Let v(c) = -21*c**3 + c**2 - 2*c - 2. What is v(-1)?
22
Let s(x) = 2*x**2 - 20*x - 25. Calculate s(11).
-3
Let l(n) = -n. Determine l(9).
-9
Let d(p) = -p**2 + 3*p + 155. Give d(15).
-25
Let r(q) = -q**2 - 19*q + 90. Determine r(-22).
24
Let h(b) = 574*b - 85529. Give h(149).
-3
Let b(t) = -t**2 + 83*t - 1699. What is b(37)?
3
Let u(l) = -3*l**3 + 7*l**2 - 52*l - 270. What is u(-4)?
242
Let c(j) = j**3 + 36*j**2 + 35*j + 88. Calculate c(-35).
88
Let r(d) = -d**3 + 45*d**2 + 35*d + 502. Calculate r(46).
-4
Let o(b) = 43*b**2 + 1504*b - 28. Determine o(-35).
7
Let m(o) = 4*o**3 - 33*o**2 - 68*o - 23. Determine m(10).
-3
Let w(b) = 2*b**2 - 27*b + 88. Give w(7).
-3
Let o(q) = -12*q**3 + 121*q**2 - 132*q + 130. Give o(9).
-5
Let h(v) = -179*v - 2335. Give h(-12).
-187
Let s(g) = 2*g**2 + 85*g - 1696. What is s(-57)?
-43
Let h(n) = -9*n - 108. Determine h(-8).
-36
Let x(l) = 61*l - 18742. Give x(307).
-15
Let v(i) = 11*i**2 - 254*i - 115. Calculate v(23).
-138
Let r(d) = -6*d**3 + 67*d**2 + 66*d - 39. Calculate r(12).
33
Let h(v) = -140*v + 18938. Calculate h(135).
38
Let b(k) = k**2 + 15*k - 207. What is b(-25)?
43
Let p(n) = n - 51. Calculate p(-7).
-58
Let r(f) = 13*f - 338. Give r(25).
-13
Let v(f) = f**3 + 4*f**2 - 7*f + 19. Calculate v(-9).
-323
Let n(v) = -11*v**2 - 153*v + 184. Determine n(-15).
4
Let a(g) = -2*g**3 + 17*g**2 + 71*g + 12. Determine a(11).
188
Let f(p) = -p**2 + 20*p + 1427. Determine f(49).
6
Let u(s) = -200*s + 4017. Give u(20).
17
Let d(c) = 2*c**2 + 15029*c + 75090. What is d(-5)?
-5
Let k(h) = 29*h + 25. Determine k(7).
228
Let a(f) = -361*f + 14078. Determine a(39).
-1
Let g(f) = 4*f**3 + 40*f**2 - 76*f - 339. Determine g(-11).
13
Let i(z) = -28*z + 1448. Calculate i(53).
-36
Let y(w) = -w**2 - 152*w - 4151. What is y(-36)?
25
Let z(d) = d**3 + 59*d**2 - 252*d + 41. Calculate z(-63).
41
Let t(v) = -v**3 + 5*v**2 - 324*v + 1610. Determine t(5).
-10
Let a(w) = -4*w**2 - 24*w - 186. Give a(-10).
-346
Let p(q) = -q**3 + 29*q**2 - 22*q - 852. Calculate p(27).
12
Let q(a) = -6*a**2 + 104*a - 244. Calculate q(15).
-34
Let o(d) = 487*d + 15092. Calculate o(-31).
-5
Let x(w) = 11*w**3 - 3*w**2 + 15*w - 26. What is x(4)?
690
Let x(q) = 21*q - 137. Determine x(11).
94
Let z(s) = 2*s**2 + 36*s - 6. Determine z(-12).
-150
Let k(w) = -w**3 - 9*w**2 + w + 4. Give k(-10).
94
Let d(a) = 21*a + 124. Give d(3).
187
Let h(z) = 14*z**2 + 13*z - 10. Determine h(-1).
-9
Let f(r) = -292*r + 3513. Give f(12).
9
Let c(d) = -d**3 - 9*d**2 - 4*d + 44. Calculate c(-7).
-26
Let j(t) = -t**3 + 25*t**2 + 58*t - 110. What is j(27)?
-2
Let t(l) = -l**3 - 3*l**2 - 3*l + 450. What is t(0)?
450
Let h(u) = -53*u + 100. What is h(6)?
-218
Let a(k) = -635*k**2 + 62231*k - 113. Give a(98).
-15
Let v(y) = y**3 - 27*y**2 + 29*y - 35. What is v(26)?
43
Let v(k) = k**3 - 13*k**2 + 7*k - 304. What is v(14)?
-10
Let p(d) = d**2 - 5606*d - 33663. Determine p(-6).
9
Let r(m) = 37*m + 542. What is r(-17)?
-87
Let r(v) = -v**3 + 13*v**2 + 177*v - 1290. What is r(6)?
24
Let c(q) = 4*q**2 + 602*q - 4089. Give c(-157).
-7
Let l(c) = 10*c**2 - 92*c + 288. Determine l(3).
102
Let a(p) = 49*p. Determine a(-2).
-98
Let c(b) = b**2 + 34*b + 88. Calculate c(-37).
199
Let q(l) = l**3 - 405*l**2 + 3567*l + 10. Calculate q(9).
37
Let j(a) = -31*a**2 - 9*a - 14. Determine j(-2).
-120
Let y(g) = 25*g**2 - 601*g + 50. Calculate y(24).
26
Let v(d) = 159*d + 8269. Calculate v(-52).
1
Let y(b) = -2*b**2 - 328*b - 1884. Determine y(-6).
12
Let p(y) = 2*y**3 - 24*y**2 + 8*y - 115. What is p(12)?
-19
Let i(n) = 4*n**3 - 2*n**2 - 11*n + 114. Give i(5).
509
Let l(r) = 561*r + 7913. Give l(-14).
59
Let q(a) = -a**2 - 41*a - 106. Give q(-38).
8
Let m(n) = -18*n + 40. Give m(-19).
382
Let b(t) = -t**3 + 6*t**2 + 2*t + 4. Determine b(3).
37
Let x(y) = -91*y + 133. Give x(2).
-49
Let i(a) = a**3 - 8*a**2 - 15*a + 89. Determine i(9).
35
Let s(y) = -120*y + 2166. Determine s(18).
6
Let v(n) = -416*n + 5843. Determine v(14).
19
Let q(c) = 5*c + 181. Determine q(17).
266
Let v(j) = -2*j**3 + 9*j**2 - 4*j - 9. Determine v(3).
6
Let k(j) = 5*j**2 - 418*j + 263. Determine k(83).
14
Let o(k) = 820*k + 246. What is o(0)?
246
Let i(g) = g**2 - 9901*g + 128547. Determine i(13).
3
Let x(s) = -21*s - 377. Determine x(-9).
-188
Let u(o) = -o**3 + 75*o**2 + 230*o + 454. What is u(78)?
142
Let a(n) = 2*n**3 + 139*n**2 + 1465*n - 52. Give a(-13).
0
Let m(a) = -192*a - 971. Calculate m(-5).
-11
Let n(w) = -w**2 - 123*w - 3240. Determine n(-82).
122
Let w(j) = j**3 - 27*j**2 + 69*j - 1850. Determine w(27).
13
Let p(f) = 2*f**3 - 229*f**2 + 776*f + 100. Determine p(111).
-11
Let u(v) = -7*v**2 - 16*v - 2. Determine u(-6).
-158
Let f(r) = 3*r**3 + 191*r**2 + 311*r + 78. What is f(-62)?
16
Let a(c) = -4*c - 76. Determine a(-32).
52
Let q(z) = -4*z**2 + 146*z - 409. Calculate q(4).
111
Let d(c) = -c**3 - 126*c**2 + 322*c + 8451. Give d(-128).
3
Let l(g) = -7*g**2 - 156*g - 33. Determine l(-22).
11
Let f(i) = -95*i + 1224. What is f(13)?
-11
Let g(j) = -20*j + 741. Calculate g(38).
-19
Let c(q) = -248*q + 2540. Give c(10).
60
Let u(s) = s**3 - 7*s**2 - 5*s - 9. Give u(8).
15
Let m(p) = p**3 - 2*p**2 - 451*p - 883. Give m(-2).
3
Let c(f) = -2*f**2 - 78*f - 441. Give c(-6).
-45
Let w(t) = -222*t + 3269. Determine w(15).
-61
Let d(a) = 244*a + 4152. What is d(-17)?
4
Let q(f) = f**3 - 9*f**2 + 39*f - 58. Determine q(3).
5
Let t(a) = 21*a - 2099. What is t(98)?
-41
Let x(n) = -n**2 - 49*n - 623. Calculate x(-36).
-155
Let g(x) = x**3 - 5*x**2 - 24*x - 2. Determine g(8).
-2
Let j(f) = 480*f + 2500. What is j(-5)?
100
Let z(g) = g**3 + 52*g**2 - 49*g - 322. Determine z(-53).
-534
Let l(a) = -84*a + 6501. Determine l(76).
117
Let z(q) = 72*q**3 - 5*q + 1. What is z(-2)?
-565
Let o(h) = -h**2 - 28*h + 297. Determine o(12).
-183
Let c(h) = -668*h + 12066. What is c(18)?
42
Let u(f) = -25*f + 3. What is u(3)?
-72
Let q(m) = -158*m - 6467. Give q(-41).
11
Let q(j) = -3*j**2 - 298*j - 991. What is q(-96)?
-31
Let a(t) = 3*t**3 + 9*t**2 + t + 12. Give a(-3).
9
Let h(k) = 85*k + 1526. Calculate h(-18).
-4
Let t(o) = o**3 + 9*o**2 + 3*o + 7. Determine t(-4).
75
Let n(w) = -w**3 - 4*w**2 + 22*w + 33. Determine n(4).
-7
Let a(k) = 543*k**2 + 29*k + 30. Determine a(-1).
544
Let n(g) = 525*g - 4198. Determine n(8).
2
Let y(l) = 2*l**2 - 17*l - 124. Calculate y(20).
336
Let r(y) = 12*y - 640. Determine r(50).
-40
Let b(j) = -230*j + 1141. Determine b(5).
-9
Let i(q) = q**3 + 2*q**2 + 7*q + 40. What is i(-3)?
10
Let r(v) = -111*v - 1512. What is r(-14)?
42
Let n(h) = h**3 + h**2 - 67. Determine n(0).
-67
Let t(s) = -2*s**2 - 6*s + 22. Calculate t(-6).
-14
Let b(k) = 71*k**2 + 987*k - 34. Determine b(-14).
64
Let l(z) = -1808*z - 10886. What is l(-6)?
-38
Let v(p) = 5*p**3 + 61*p**2 + 97*p - 157. Calculate v(-10).
-27
Let m(l) = -3*l**2 - 34*l - 77. Give m(-8).
3
Let p(z) = -21*z + 353. What is p(18)?
-25
Let h(g) = -2*g**2 - 18*g + 693. What is h(-24)?
-27
Let r(y) = y**3 + 22*y**2 - 37*y - 2012. What is r(-13)?
-10
Let r(v) = v**3 + 4*v**2 - 11*v - 45. Give r(-4).
-1
Let x(s) = s**3 + 26*s**2 + 43*s - 61. Calculate x(-24).
59
Let u(b) = b**2 - 26*b - 93. Calculate u(-4).
27
Let b(h) = 82*h - 4063. Calculate b(50).
37
Let s(o) = -o**2 - 392*o + 158